. Let s(h) = -h - 12. Calculate s(b).
-2
Let t(s) = s**2 - 4*s - 6. Let p = -6 - -10. Let z = 204 + -156. Suppose p*l = -4*l + z. Give t(l).
6
Let c(f) = f**3 - f**2 - 4*f - 6. Let s be c(3). Let r be (-13 - s/6)*1. Let t(k) = k + 18. What is t(r)?
5
Let g(f) be the third derivative of -f**7/2520 - f**6/90 - 25*f**5/12 + 64*f**2. Let n(l) be the third derivative of g(l). What is n(-7)?
6
Let w(o) = o**2 - 4. Let q(j) = j**3 - 34*j - 3. Let p be q(6). Suppose 122*z - 125*z + p = 0. Calculate w(z).
5
Let v(p) = 74 - 161*p**2 - 2*p + 159*p**2 - 64. Give v(-5).
-30
Let u = -149 + 169. Suppose 2*a - u = -13*n + 11*n, 0 = -3*n - a + 24. Let j(p) = -14 + 2*p - p + 0*p. Calculate j(n).
-7
Let z(f) = -8*f - 1316 - 1322 + 2662. Determine z(3).
0
Let n(l) = 11*l**3 + 12*l**2 - 157*l - 48. Let z(k) = -31*k**3 - 36*k**2 + 446*k + 144. Let r(c) = 17*n(c) + 6*z(c). Determine r(11).
4
Let h(u) = -2*u + 0*u + u + 182 - 172. Determine h(14).
-4
Suppose 13*h + 0*h = 52. Suppose 2*i - h = 3*k, -4*k = 6*i - 2*i + 32. Let y(n) = 1 + 5 + 3*n**2 + 0*n**2 + 7*n - 2*n**2. Give y(i).
-6
Let o be 7/(18 - -3) - (-138)/18. Let x(c) = -c - 4. Determine x(o).
-12
Let u(d) be the first derivative of -d**3/3 - 11*d**2/2 - 5*d - 2. Let l(s) = -2*s**2 - 44*s - 9. Let k be l(-22). Calculate u(k).
13
Let l = 34 - 27. Let g(r) = r**3 - 5*r**2 - 8*r - 16. Let p be g(l). Let i(c) = -85 - c + 31 + 31 + p. Give i(0).
3
Let i(d) = -6*d**2 + 25*d - 15. Let m(w) = -20*w**2 + 79*w - 47. Let j(t) = 13*i(t) - 4*m(t). What is j(-7)?
28
Suppose -h = 2*h - 9. Let w(v) = -h*v + 5*v - v + 4 + 6. Let r = -996 + 989. Give w(r).
3
Let v(p) = 9*p**3 + 28*p**3 - 36*p**3 + 6*p**2 - 1 + p. Let t(s) = 23*s - 74. Let f be t(3). Determine v(f).
19
Let c(s) = -9*s**2 - 4*s - 35. Let n(m) = -4*m**2 - 3*m - 20. Let v(a) = 3*c(a) - 5*n(a). Calculate v(2).
-27
Let t(i) = -33*i + 70*i - 35*i + 2 + 6. Let y = -17 + 12. Calculate t(y).
-2
Let k(u) = u**3 + 6*u - 2*u**3 + 20 - 9*u - 3*u - 23. Calculate k(3).
-48
Let t(f) = -f - 6. Let k(o) = -15*o + 74. Let v(h) = -k(h) + 4*t(h). Calculate v(8).
-10
Let w(d) = -2*d - 26. Let n(k) = 4*k + 50. Let t(o) = -4*n(o) - 7*w(o). Let c be 10 + -5 - 15*(0 + 1). Give t(c).
2
Let q(n) = -22*n**2 - 29*n - 33. Let r(u) = 19*u**2 + 27*u + 33. Let s(z) = 6*q(z) + 7*r(z). Give s(-2).
7
Let u(i) = -26*i**3 + 6*i**2 - 8*i + 25. Let r(l) = 31*l**3 - 7*l**2 + 8*l - 27. Let w(q) = -5*r(q) - 6*u(q). Calculate w(2).
5
Let t(r) be the third derivative of 0*r - r**3 + 1/60*r**5 + r**2 - 72 - 1/8*r**4. Suppose q = 5*f - 19, 5*f + 0*f = -3*q + 43. Calculate t(q).
12
Let f = -63 + -1. Let w = -64 - f. Let h(p) = w*p - 8*p**3 + 2*p + 6*p**3 - 3 + 0*p**2 + p**2. What is h(2)?
-11
Let f = 30 + -33. Let m(d) = d + 3. Let s(y) = -2*y - 2. Let r(n) = f*m(n) - 4*s(n). Let c(o) = o. Let j be c(2). Determine r(j).
9
Let u(f) = -f**3 - 10*f**2 - 16*f - 52. Let v be u(-9). Suppose -4*a - 8 = 6*q - 3*q, -5*a - v = 4*q. Let r(n) = -n**2 - 4*n - 2. Calculate r(q).
-2
Let f = 207 - 126. Let i = f + -78. Let r(u) = 8*u**3 - 9*u**2 + 3*u - 6. Let x(p) = -7*p**3 + 8*p**2 - 2*p + 5. Let s(t) = 6*r(t) + 7*x(t). What is s(i)?
2
Let u(t) = 3*t - 49. Let w be u(18). Let x(a) = 11*a + 2. Let v(o) = 13*o + 2. Let b(l) = w*x(l) - 4*v(l). Let i = -9 - -6. What is b(i)?
-7
Let a(m) = 3*m**3 + 6*m**2 - 52*m + 11. Let o(u) = -2*u**3 - 5*u**2 + 38*u - 12. Let v(r) = 3*a(r) + 4*o(r). Calculate v(4).
1
Let p(l) = l**3 + 3*l**2 + 2*l - 1. Let a be p(-2). Let o(k) = 3593697*k**2 + 4 - 5 - 2*k - 3593683*k**2. Determine o(a).
15
Let t(y) = -y**3 + y**2 - 5*y - 2. Let k be t(3). Let d = k + 36. Let q = d - 2. Let g(m) = m + 1. Calculate g(q).
0
Let q(z) = 4*z. Let v(y) = -23*y + 2. Let c(b) = 6*q(b) + v(b). Give c(-15).
-13
Let n(b) be the first derivative of b**4/4 - 13*b**3/3 - 8*b**2 + 5*b + 8098. What is n(14)?
-23
Let t(v) be the second derivative of -v**3 + 3*v**2/2 - 2*v - 8. Let y(l) = l. Let b(r) = t(r) + 5*y(r). Give b(0).
3
Let a(j) be the second derivative of -11*j**3/3 - 75*j**2/2 - 17*j - 19. Determine a(-3).
-9
Let a(d) be the first derivative of -11*d**2 + 96*d + 1905. Give a(4).
8
Let y(b) be the first derivative of -1/6*b**3 + 0*b**2 - 21 + 8*b + 1/6*b**4 - 1/20*b**5. Let p(c) be the first derivative of y(c). Calculate p(1).
0
Let i(h) = 113*h - 239*h + 112*h - 38. Let r be i(-3). Let d(k) = -3*k - 1. Calculate d(r).
-13
Let k be 22389/(-1173) - (-8)/92. Let p(w) = -31*w - 583. Determine p(k).
6
Suppose -100*a + 22 = -78. Let c(w) = -10*w**3 - w**2 + 4*w - 3. Calculate c(a).
-10
Let y be (-33 - -30)/(1/(-27)). Suppose 11*j - y - 40 = 0. Let z(a) = -a**3 + 10*a**2 + 9*a + 10. Give z(j).
-12
Let y(b) be the third derivative of -13*b**4/24 - 17*b**3/6 - b**2 - 74*b + 6. What is y(4)?
-69
Let g = -21743 - -21765. Let h(i) = -i**3 + 21*i**2 + 23*i - 13. Give h(g).
9
Let u(d) = -d - 4. Let a be u(-7). Let g(v) = v**2 - 15*v + 2. Let x be g(15). Let c(w) = 3*w**2 + 19*w - 16*w - w**3 - w**x. Give c(a).
0
Let p(w) = -6*w + 9. Suppose -4*m = -0*m + 7*m - 66. What is p(m)?
-27
Let r(k) = k**3 + 5*k**2 - 5*k - 9. Suppose 5*d + 119*l - 120*l - 21 = 0, -5*l = -4*d. Let s be 2/3 - (-104)/6. Suppose 2*h - s = d*h. Determine r(h).
-15
Let l = -3922 - -3885. Let s(y) = -y**3 - 37*y**2 + y + 35. What is s(l)?
-2
Let d = -2/40053 + 40069/320424. Let q(b) be the third derivative of 0 + 15*b**2 - 3/2*b**3 - 1/120*b**6 - d*b**4 + 0*b - 1/10*b**5. Determine q(-6).
9
Let f be ((-2)/3)/((-24)/8388). Let h = 232 - f. Let g(u) = 16*u - 1. What is g(h)?
-17
Suppose -i + 8 = 3*i. Let o(x) = 0*x - i - x - x - x**3 - 1 + 4*x**2. Let y = 385 + -382. Determine o(y).
0
Let d(w) be the second derivative of w**5/20 + w**4/3 - 4*w**3/3 - 2*w**2 - 29*w. Suppose -2*x = -7*x - 110. Let s = 17 + x. Determine d(s).
11
Let l be (24 - 4)*(-224)/(-10). Let q be 1/(-7)*2*l/(-32). Suppose 0 = s - q*s + v - 15, s - 5*v + 19 = 0. Let m(w) = -w**2 - 4*w - 6. What is m(s)?
-6
Suppose 20 = -3*u - 1. Suppose -h + 92 + 19 = 4*c, 293 = 3*h + 4*c. Let a(n) = -2 + 185*n - 3 - h*n - 95*n. What is a(u)?
2
Let n(x) = -7*x**3 + 2*x**2 + 8*x - 4. Let z(l) = 13*l**3 - 4*l**2 - 15*l + 7. Let t(o) = 15*n(o) + 8*z(o). What is t(-4)?
28
Let o(d) be the third derivative of d**6/120 + d**5/15 - d**4/6 + 3*d**2 - 200*d. Give o(2).
16
Let s be 13 - (0 - (-5 - 1)). Let d(a) = -10 + 10 - s*a + 9*a. Determine d(0).
0
Suppose -12 = -k - k - 4*b, -k + 2 = b. Let z(y) = y**2 + y + 5. What is z(k)?
7
Let s(t) = t**2 + 8*t + 20. Let g be s(-6). Suppose -2*l - 9*d + g*d - 4 = 0, 5*d + 20 = 3*l. Let x(q) = q**3 + q**2 + q + 2. What is x(l)?
2
Suppose 2*x = -3*s - 3, 13*x = 4*s + 7 - 3. Let q(f) = -f**3 - 2*f**2 + f + 4. Give q(x).
4
Let j(u) be the third derivative of 7*u**4/24 + u**3/6 + 1651*u**2. Give j(4).
29
Let q(t) = -t**2 + t + 6. Let c(b) = 4*b**2 + 13*b + 22. Let o(y) = -c(y) - 5*q(y). Determine o(24).
92
Let j be (-7)/28*8 + (7 - 0). Let i(y) be the first derivative of y**3/3 - 3*y**2/2 + 6*y + 41. What is i(j)?
16
Let y(l) = -33*l**3 + 10*l**2 - 14*l - 9. Let j(c) = 39*c**3 - 11*c**2 + 16*c + 10. Let o(z) = -6*j(z) - 7*y(z). Determine o(-3).
42
Let j be (-1)/((-2)/(-16)) + 1. Let z(i) = -52*i + 13. Let v(t) = -214*t + 56. Let y(a) = 8*v(a) - 33*z(a). Calculate y(j).
-9
Suppose 3*c - 6*c + 4*c = 0. Suppose 0 = 4*i - 4*f - 20, -5*i - 3*f + f + 4 = c. Let w(o) = -8*o + 1 + o**2 + 13*o - i*o + 0. Calculate w(-2).
-1
Let n be (8 + 3 + -6)/((-2)/(-4 - -2)). Let h(j) be the second derivative of 1/3*j**3 + 24*j + 3/20*j**n + j**2 + 1/4*j**4 + 0. Calculate h(-2).
-14
Let m(j) = -54*j**2 - 101*j + 30. Let i(v) = 19*v**2 + 36*v - 10. Let g(k) = -17*i(k) - 6*m(k). Determine g(-2).
6
Let r(u) = -7*u**2 + 5*u + 7. Let d(v) = -20*v**2 + 14*v + 20. Let z(x) = -6*d(x) + 17*r(x). Let w(g) = -g**3 - 9*g**2 - 21*g - 13. Let o be w(-3). Give z(o).
11
Let x(l) = l**2 - 4*l + 1. Let v be 16/(-20) + 1740/50. Suppose 17*g - v = -102. Give x(g).
33
Let z(f) = f**2 - 13*f - 6. Let g be z(13). Let k(s) = -13*s - 78. Let x be k(g). Let b(y) = -y + 4. Determine b(x).
4
Let v(f) be the third derivative of -f**4/24 - 5*f**3/2 + 150*f**2 - 8. Calculate v(-13).
-2
Let h(a) = -2*a. Let f(v) = -5 - 129*v + 254*v - 130*v. Let q(r) = -f(r) + 2*h(r). Calculate q(0).
5
Let r be ((-7)/28*4)/(1/7). Let p(m) = 2*m**2 -